se -44*k + 45*k - 21 = y. Suppose -5*z + 59 = 4*x, -z - 10 = -2*x + 9. Calculate the remainder when k is divided by x.
10
Let q(v) = -v**3 + 9*v**2 + 22*v - 89. What is the remainder when 119 is divided by q(10)?
26
Suppose s + 2 = -6. Let t be 4*(s/2 - -5). Suppose -3*q = 3*z - 30, 3*z = t*q - 25 - 36. Calculate the remainder when 36 is divided by q.
10
Suppose 2*u - u + 5*r - 53 = 0, 0 = 5*u + 2*r - 196. Calculate the remainder when u is divided by 3 - 14*(-3)/6.
8
Suppose -4*t = -10*t + 1530. Calculate the remainder when t is divided by 32.
31
Let u = -2 + 12. Suppose 4*g - u = -g. Let w = g + 5. What is the remainder when 20 is divided by w?
6
Suppose -29 - 175 = -4*p. Suppose -2*g - 4*n - n = -56, 4*g = -3*n + 84. Calculate the remainder when p is divided by g.
15
Let x = 55 + -20. Let h = -68 - -80. Let r = 24 - h. What is the remainder when x is divided by r?
11
Let r(s) = 16*s - 27. Calculate the remainder when r(5) is divided by 19.
15
Let w(q) = 95*q - 86. Calculate the remainder when w(6) is divided by 27.
25
Let f = -84 - -149. What is the remainder when f is divided by 34?
31
Let k = -18 - -35. Let a(o) = -o**3 - 12*o**2 - 14*o - 15. Let v be a(-11). Suppose -116 = -2*u + v. What is the remainder when u is divided by k?
16
Suppose 5*s = 3*b - 559, 968 = 5*b + 5*s + 63. What is the remainder when b is divided by 37?
35
Let o = 244 + -214. Calculate the remainder when 173 is divided by o.
23
Let w(x) = 1 + x - x**2 + 0 + 2*x**2 + x**3. Let p be w(-1). Suppose -5*q + 7*q - 24 = p. What is the remainder when 47 is divided by q?
11
Suppose -2*z + 5 = 13, -5*y + z - 916 = 0. Let f = 287 + y. Calculate the remainder when f is divided by 35.
33
Suppose 2*q - 116 + 14 = 0. Suppose -3*f = 2*f + 4*l - 12, 0 = 5*f + 3*l - 14. Suppose 39 = -o + f*o. What is the remainder when q is divided by o?
12
Let m = 581 + -487. What is the remainder when 94 is divided by m?
0
Let n = 327 + -281. Calculate the remainder when 227 is divided by n.
43
Let x(y) = -2*y + 6. Let o = 15 - 19. Let j be x(o). Suppose j = t - 3. What is the remainder when 66 is divided by t?
15
Let i(a) = 5*a + 29. Let u be i(-5). What is the remainder when (-124)/((u + -8)*3/6) is divided by 13?
10
Suppose -7 = -a - 3*b, 4*a - 5*b - 31 = 3*a. Let p = 48 + -10. Calculate the remainder when p is divided by a.
6
Suppose 5*g + 3 = 23. Suppose -g*z = 4*l - 24, z + 2*z = l + 30. Let u = 83 - 48. Calculate the remainder when u is divided by z.
8
Let g = 61 + -51. Suppose -t = -4*d + d + 43, 2*t = g. What is the remainder when 62 is divided by d?
14
Suppose 8*j = 23 + 121. What is the remainder when 83 is divided by j?
11
Suppose 576 = 6*s + 96. Calculate the remainder when s is divided by 67.
13
Suppose 0 = -5*t + 19 + 171. Calculate the remainder when 123 is divided by t.
9
Let u be ((-486)/(-9))/((-3)/(-2)). What is the remainder when ((-26)/(-6))/(4/u) is divided by 15?
9
Let k be 1 + -3 + 8 + 0. Let y = 9 + k. Suppose -y = -3*j - 3. What is the remainder when 9 is divided by j?
1
Let s(q) = 6*q + 10. Suppose -6*v = -7*v + 10. What is the remainder when s(v) is divided by 24?
22
Let s(f) = 2*f**2 - 10*f + 10. Let v = -35 - -68. Suppose v + 17 = 5*r. Calculate the remainder when s(7) is divided by r.
8
Let v(j) = j + 15. Suppose 6*c = 2*c - 324. Let q = -22 - c. Calculate the remainder when q is divided by v(0).
14
Calculate the remainder when 10/80 + 2/((-16)/(-887)) is divided by 14.
13
Suppose 37*t - 60*t + 4922 = 0. What is the remainder when t is divided by 44?
38
Suppose 8 + 34 = -3*u. Suppose -5*x - 3*z + 123 = 0, -4*x + 6*x = -5*z + 34. What is the remainder when x is divided by u*(1/2 + -1)?
6
Suppose 10*b + 3*r - 298 = 5*b, 0 = -3*r - 12. Calculate the remainder when 371 is divided by b.
61
Let b be (-18)/4*14/(-21). Suppose 3*c - b*f - 130 = -f, 5*c + 5*f = 175. What is the remainder when c is divided by 1*14 + 2 + -2?
12
Let m(f) = 2*f**2 + f - 2. Let v(i) = i**2 + 12*i + 17. Let b be v(-8). What is the remainder when m(3) is divided by (-162)/b + 1/5?
8
Suppose -5*k + 3*w + 72 = 0, -4*k + 5*w = -0*w - 68. Calculate the remainder when 93 is divided by k.
9
Let p = 102 + -100. Let k(q) = 13*q**2 - 4*q + 3. Let y = 36 + -23. What is the remainder when k(p) is divided by y?
8
Let r(y) = -15*y + 14. What is the remainder when 648 is divided by r(-3)?
58
Let r(b) = -12*b + 63. Calculate the remainder when r(-18) is divided by 20.
19
Let d = -237 - -270. Suppose 5*i - 15 = 2*i. Suppose i - 17 = -l. What is the remainder when d is divided by l?
9
Let x(h) = h - 7. Let v(k) = 8*k + 6. What is the remainder when v(9) is divided by x(27)?
18
Let m(t) = t**2 + 5. Let u be m(0). Suppose 0 = -3*x + 5*v - 2, 5*v = -u*x + 28 + 22. Let q = 38 - 28. What is the remainder when q is divided by x?
4
Suppose 36 = 11*g - 514. Let s = -31 + g. What is the remainder when 34 is divided by s?
15
Suppose 9*t - 261 = -20*t. Suppose -4*r + 47 = -57. What is the remainder when r is divided by t?
8
What is the remainder when ((-50)/(-15))/((-1)/(-3)) is divided by 31/4 - (-3)/(-4)?
3
Suppose -16*k + 1312 = -1088. Calculate the remainder when k is divided by 37.
2
Suppose 124 = 5*j + 9. Suppose -3*w - 3*f + 195 = 0, f = -2*w - 4*f + 127. Calculate the remainder when w is divided by j.
20
Suppose 15 = 2*a + v, 0 + 15 = 3*v. Suppose -2*b = a*m - 2, -4*b + 39 = 2*m + 3. What is the remainder when 20 is divided by b?
9
Let x(c) = 51*c - 61. Calculate the remainder when x(5) is divided by 28.
26
Suppose -1354 = -5*p - 524. What is the remainder when p is divided by 44?
34
Let w(a) = -35*a + 1. Let h be w(1). Let o = 113 + h. What is the remainder when o is divided by 20?
19
Let b(z) = -z**2 + 36*z + 6. Suppose 5*a + 9 = y - 22, -a = -2*y + 71. Calculate the remainder when b(33) is divided by y.
33
Let s(d) = -d**3 + 8*d**2 - 7*d. Let v be s(7). Suppose 9*f - f - 2176 = v. What is the remainder when f is divided by 55?
52
Suppose -75 - 33 = -27*w. Calculate the remainder when 237/21 - (-4)/(-14) is divided by w.
3
Let z = -25 - -30. Suppose -51 = -z*d + 3*h, 5*d + 3*h = 37 + 32. What is the remainder when 46 is divided by d?
10
Suppose 0 = -39*c + 1663 + 404. What is the remainder when c is divided by 38?
15
Suppose -80 = -5*s + 200. What is the remainder when 164 is divided by s?
52
Let o(c) = 149*c - 13. Calculate the remainder when o(3) is divided by 73.
69
Let c = 86 - 52. Let o = -12 + 32. What is the remainder when c is divided by o?
14
Suppose 0 = 3*v - 4*k - 602, 0 = -4*v + 7*k - 3*k + 796. What is the remainder when v is divided by 28?
26
Let o(c) = c**2 + 5*c - 1. Let m be o(-11). Suppose -r + 207 = m. Calculate the remainder when r is divided by 13.
12
Let x(g) = -9*g + 27. Let o(t) = -22*t + 68. Let p(d) = 5*o(d) - 12*x(d). Calculate the remainder when 21 is divided by p(5).
3
Let h be -1*(-3 - -1) - -157. Let q = h - 92. What is the remainder when q is divided by 102/4*1*(-70)/(-105)?
16
Let f = -1086 - -1091. Suppose 4*m - m + 2*h - 41 = 0, -4*m + 52 = 2*h. What is the remainder when m is divided by f?
1
Let i be ((-6)/12)/(2/(-28)). Suppose -i - 1 = -2*u. Suppose -5*s = -a - 183, s + 0*a - u*a = 29. What is the remainder when s is divided by 10?
7
Let z(d) = -d**2 + 5*d - 3. Let j be z(2). Suppose 90 = j*a - m, -16 = -3*a + 4*m + 74. Suppose q - a = -4*q. Calculate the remainder when 21 is divided by q.
3
Suppose 3*d = -4*a + 23, -27 + 2 = -5*a - 3*d. Suppose -l - 129 = -a*l. What is the remainder when l is divided by 33?
30
Suppose -p = -7*p - 18. Let d = -7 + 27. Calculate the remainder when (p/(-6))/((-8)/(-592)) is divided by d.
17
Let v(g) = -33*g - 323. What is the remainder when 396 is divided by v(-10)?
4
Suppose -5*i = 3*n - 295, 2*i - n = 3*i - 57. Let j = i - 55. Calculate the remainder when 23 is divided by j.
2
Let n = 206 + -195. Suppose 2*y - 8 = 4. Calculate the remainder when n is divided by y.
5
Suppose 0 = c - 4*c + 3. Let p be ((-122)/10)/(c/(-5)). Let n = -30 + p. Calculate the remainder when n is divided by 8.
7
Let w(j) = j**3 - 4*j**2 - 5*j + 3. Suppose -4*q = -4*a + 28, -3*a + 0*a + 17 = -q. Let f = -4 - -5. Calculate the remainder when w(a) is divided by f.
0
Suppose 5*w + 8*a - 4*a - 45 = 0, -10 = -4*w + 2*a. Suppose -5*u + 7*h + 150 = 3*h, 2*h + 160 = w*u. What is